{"id":567,"date":"2026-03-19T11:04:18","date_gmt":"2026-03-19T11:04:18","guid":{"rendered":"https:\/\/jardinsprives-cotedopale.fr\/?page_id=567"},"modified":"2026-04-01T15:18:52","modified_gmt":"2026-04-01T15:18:52","slug":"entretien-de-jardin","status":"publish","type":"page","link":"https:\/\/jardinsprives-cotedopale.fr\/entretien-de-jardin\/","title":{"rendered":"Entretien"},"content":{"rendered":"<p>[et_pb_section fb_built=\u00a0\u00bb1&Prime; _builder_version=\u00a0\u00bb4.27.5&Prime; _module_preset=\u00a0\u00bbdefault\u00a0\u00bb custom_padding=\u00a0\u00bb||0px|||\u00a0\u00bb global_colors_info=\u00a0\u00bb{}\u00a0\u00bb][et_pb_row column_structure=\u00a0\u00bb1_2,1_2&Prime; disabled_on=\u00a0\u00bboff|off|off\u00a0\u00bb _builder_version=\u00a0\u00bb4.27.5&Prime; _module_preset=\u00a0\u00bbdefault\u00a0\u00bb global_colors_info=\u00a0\u00bb{}\u00a0\u00bb][et_pb_column type=\u00a0\u00bb1_2&Prime; _builder_version=\u00a0\u00bb4.27.5&Prime; _module_preset=\u00a0\u00bbdefault\u00a0\u00bb global_colors_info=\u00a0\u00bb{}\u00a0\u00bb][et_pb_heading title=\u00a0\u00bbEntretien \u00a0\u00bb _builder_version=\u00a0\u00bb4.27.5&Prime; _module_preset=\u00a0\u00bbdefault\u00a0\u00bb title_level=\u00a0\u00bbh3&Prime; title_text_color=\u00a0\u00bb#000000&Prime; title_font_size=\u00a0\u00bb40px\u00a0\u00bb locked=\u00a0\u00bboff\u00a0\u00bb global_colors_info=\u00a0\u00bb{}\u00a0\u00bb][\/et_pb_heading][et_pb_text _builder_version=\u00a0\u00bb4.27.6&Prime; _module_preset=\u00a0\u00bbdefault\u00a0\u00bb text_font=\u00a0\u00bb&#8211;et_global_body_font||||||||\u00a0\u00bb text_text_color=\u00a0\u00bb#000000&Prime; text_font_size=\u00a0\u00bb18px\u00a0\u00bb text_line_height=\u00a0\u00bb1.3em\u00a0\u00bb global_colors_info=\u00a0\u00bb{}\u00a0\u00bb]<\/p>\n<p>M\u00eame si vous \u00eates passionn\u00e9 par le jardin, il y a des travaux difficiles, \u00e9puisants ou chronophages que vous aimeriez faire faire.<\/p>\n<p>Nous pouvons intervenir ponctuellement, pour une tache sp\u00e9cifique, comme une taille de haie ou une tonte de gazon, mais nous pouvons vous proposer \u00e9galement un contrat d&rsquo;entretien \u00e0 l&rsquo;ann\u00e9e.\u00a0<\/p>\n<p>Un devis peut \u00eatre r\u00e9alis\u00e9\u00a0 ou bien vous pouvez opter pour l&rsquo;une de nos formules \u00ab\u00a0tout compris\u00a0\u00bb pour les travaux courants d&rsquo;entretien de jardin.<\/p>\n<p>La cerise sur le g\u00e2teau, c&rsquo;est que nous \u00e9vacuons les d\u00e9chets et vous d\u00e9chargeons de la corv\u00e9e de la d\u00e9chetterie&#8230;<\/p>\n<p>&nbsp;<\/p>\n<p>[\/et_pb_text][et_pb_heading title=\u00a0\u00bbNe payez que 50% de nos prestations !\u00a0\u00bb _builder_version=\u00a0\u00bb4.27.6&Prime; _module_preset=\u00a0\u00bbdefault\u00a0\u00bb title_level=\u00a0\u00bbh3&Prime; title_text_color=\u00a0\u00bb#000000&Prime; title_font_size=\u00a0\u00bb40px\u00a0\u00bb locked=\u00a0\u00bboff\u00a0\u00bb global_colors_info=\u00a0\u00bb{}\u00a0\u00bb][\/et_pb_heading][et_pb_text _builder_version=\u00a0\u00bb4.27.6&Prime; _module_preset=\u00a0\u00bbdefault\u00a0\u00bb text_text_color=\u00a0\u00bb#000000&Prime; text_font_size=\u00a0\u00bb18px\u00a0\u00bb global_colors_info=\u00a0\u00bb{}\u00a0\u00bb]<\/p>\n<p>En effet, les petits travaux de jardinage entrent dans le cadre des services \u00e0 la personne et permettent aux particuliers de b\u00e9n\u00e9ficier de 50% de cr\u00e9dit d\u2019imp\u00f4t <span style=\"font-size: small;\">(selon l\u2019article 199 sexdecies du code g\u00e9n\u00e9ral des imp\u00f4ts).<\/span><\/p>\n<ul>\n<li>Tonte de pelouse ;<\/li>\n<li>D\u00e9broussaillage ;<\/li>\n<li>Entretien et nettoyage des massifs ;<\/li>\n<li>Arrosage manuel des v\u00e9g\u00e9taux ;\n<p><span style=\"font-size: small;\">(hors maintenance d\u2019arrosage, hors goutte \u00e0 goutte)<\/span><\/p>\n<\/li>\n<li>Ramassage des feuilles ;<\/li>\n<li>Scarification de pelouse ;<\/li>\n<li>Application d\u2019engrais et\/ou d\u2019amendements ;<\/li>\n<li>D\u00e9neigement ;<\/li>\n<li>B\u00eachage, binage et griffage ;<\/li>\n<li>D\u00e9sherbage ;<\/li>\n<li>Petit arrachage manuel et \u00e9vacuation des d\u00e9chets verts ;<\/li>\n<\/ul>\n<div class=\"wp-block-column is-layout-flow wp-block-column-is-layout-flow\">\n<div class=\"check-list fadeInUp\">\n<ul>\n<li>Taille de haies, fruitiers, rosiers et plantes grimpantes ;\n<p><span style=\"font-size: small;\">(dans le respect du d\u00e9cret du 1er septembre 2004 : notamment les travaux effectu\u00e9s \u00e0 partir du sol)<\/span><\/p>\n<\/li>\n<li>Taille des arbres et arbustes ;\n<p><span style=\"font-size: small;\">(effectu\u00e9e \u00e0 partir du sol, \u00e0 hauteur d\u2019homme, sans cordes ni harnais, dans les conditions des articles R4323-63 et R4323-64 du Code du Travail \u2013 Mise en place de syst\u00e8mes assurant la s\u00e9curit\u00e9 des salari\u00e9s)<\/span><\/p>\n<\/li>\n<li>Nettoyage de terrasses ;<\/li>\n<li>Nettoyage des all\u00e9es ;<\/li>\n<li>Soins des arbres et arbustes ;<\/li>\n<li>Entretien des abords des piscines\u2026\n<p>&nbsp;<\/p>\n<\/li>\n<\/ul>\n<\/div>\n<\/div>\n<p>[\/et_pb_text][\/et_pb_column][et_pb_column type=\u00a0\u00bb1_2&Prime; _builder_version=\u00a0\u00bb4.27.5&Prime; _module_preset=\u00a0\u00bbdefault\u00a0\u00bb global_colors_info=\u00a0\u00bb{}\u00a0\u00bb][et_pb_image src=\u00a0\u00bbhttps:\/\/jardinsprives-cotedopale.fr\/wp-content\/uploads\/2026\/03\/ykaiavu-garden-7460988_1280-1.jpg\u00a0\u00bb title_text=\u00a0\u00bbykaiavu-garden-7460988_1280&Prime; _builder_version=\u00a0\u00bb4.27.6&Prime; _module_preset=\u00a0\u00bbdefault\u00a0\u00bb global_colors_info=\u00a0\u00bb{}\u00a0\u00bb][\/et_pb_image][et_pb_image src=\u00a0\u00bbhttps:\/\/jardinsprives-cotedopale.fr\/wp-content\/uploads\/2026\/03\/tonte-pelouse.jpg\u00a0\u00bb title_text=\u00a0\u00bbtonte-pelouse\u00a0\u00bb disabled_on=\u00a0\u00bbon|off|off\u00a0\u00bb _builder_version=\u00a0\u00bb4.27.6&Prime; _module_preset=\u00a0\u00bbdefault\u00a0\u00bb global_colors_info=\u00a0\u00bb{}\u00a0\u00bb][\/et_pb_image][et_pb_image src=\u00a0\u00bbhttps:\/\/jardinsprives-cotedopale.fr\/wp-content\/uploads\/2026\/03\/placard-sap-lille-1.gif\u00a0\u00bb alt=\u00a0\u00bbacces sap\u00a0\u00bb title_text=\u00a0\u00bbservice a la personne\u00a0\u00bb _builder_version=\u00a0\u00bb4.27.6&Prime; _module_preset=\u00a0\u00bbdefault\u00a0\u00bb global_colors_info=\u00a0\u00bb{}\u00a0\u00bb][\/et_pb_image][\/et_pb_column][\/et_pb_row][et_pb_row column_structure=\u00a0\u00bb1_2,1_2&Prime; _builder_version=\u00a0\u00bb4.27.5&Prime; _module_preset=\u00a0\u00bbdefault\u00a0\u00bb global_colors_info=\u00a0\u00bb{}\u00a0\u00bb][et_pb_column type=\u00a0\u00bb1_2&Prime; _builder_version=\u00a0\u00bb4.27.5&Prime; _module_preset=\u00a0\u00bbdefault\u00a0\u00bb global_colors_info=\u00a0\u00bb{}\u00a0\u00bb][et_pb_image src=\u00a0\u00bbhttps:\/\/jardinsprives-cotedopale.fr\/wp-content\/uploads\/2026\/03\/bechage.jpg\u00a0\u00bb alt=\u00a0\u00bbbechage jardin potager\u00a0\u00bb title_text=\u00a0\u00bbbechage\u00a0\u00bb _builder_version=\u00a0\u00bb4.27.6&Prime; _module_preset=\u00a0\u00bbdefault\u00a0\u00bb global_colors_info=\u00a0\u00bb{}\u00a0\u00bb disabled_on=\u00a0\u00bbon|off|off\u00a0\u00bb][\/et_pb_image][et_pb_image src=\u00a0\u00bbhttps:\/\/jardinsprives-cotedopale.fr\/wp-content\/uploads\/2026\/03\/hedge-3393849_1920.jpg\u00a0\u00bb alt=\u00a0\u00bbhaie le touquet\u00a0\u00bb title_text=\u00a0\u00bbtaille haie\u00a0\u00bb disabled_on=\u00a0\u00bbon|off|off\u00a0\u00bb _builder_version=\u00a0\u00bb4.27.6&Prime; _module_preset=\u00a0\u00bbdefault\u00a0\u00bb global_colors_info=\u00a0\u00bb{}\u00a0\u00bb][\/et_pb_image][et_pb_image src=\u00a0\u00bbhttps:\/\/jardinsprives-cotedopale.fr\/wp-content\/uploads\/2026\/03\/lawn-mower-5329533_1280-1.jpg\u00a0\u00bb alt=\u00a0\u00bbgazon tondu\u00a0\u00bb title_text=\u00a0\u00bbtonte pelouse\u00a0\u00bb disabled_on=\u00a0\u00bbon|off|off\u00a0\u00bb _builder_version=\u00a0\u00bb4.27.6&Prime; _module_preset=\u00a0\u00bbdefault\u00a0\u00bb global_colors_info=\u00a0\u00bb{}\u00a0\u00bb][\/et_pb_image][et_pb_image src=\u00a0\u00bbhttps:\/\/jardinsprives-cotedopale.fr\/wp-content\/uploads\/2026\/03\/127816454_s.jpg\u00a0\u00bb title_text=\u00a0\u00bbGardener with Hedge Trimmer\u00a0\u00bb _builder_version=\u00a0\u00bb4.27.6&Prime; _module_preset=\u00a0\u00bbdefault\u00a0\u00bb global_colors_info=\u00a0\u00bb{}\u00a0\u00bb][\/et_pb_image][et_pb_image src=\u00a0\u00bbhttps:\/\/jardinsprives-cotedopale.fr\/wp-content\/uploads\/2026\/03\/28289078_s.jpg\u00a0\u00bb alt=\u00a0\u00bbdesherbage\u00a0\u00bb title_text=\u00a0\u00bbmauvaises herbes arrach\u00e9es\u00a0\u00bb _builder_version=\u00a0\u00bb4.27.6&Prime; _module_preset=\u00a0\u00bbdefault\u00a0\u00bb global_colors_info=\u00a0\u00bb{}\u00a0\u00bb][\/et_pb_image][et_pb_image src=\u00a0\u00bbhttps:\/\/jardinsprives-cotedopale.fr\/wp-content\/uploads\/2026\/03\/evacuation-des-dechets-2.jpg\u00a0\u00bb title_text=\u00a0\u00bb\u00e9vacuation-des-dechets\u00a0\u00bb disabled_on=\u00a0\u00bbon|off|off\u00a0\u00bb _builder_version=\u00a0\u00bb4.27.6&Prime; _module_preset=\u00a0\u00bbdefault\u00a0\u00bb global_colors_info=\u00a0\u00bb{}\u00a0\u00bb][\/et_pb_image][\/et_pb_column][et_pb_column type=\u00a0\u00bb1_2&Prime; _builder_version=\u00a0\u00bb4.27.5&Prime; _module_preset=\u00a0\u00bbdefault\u00a0\u00bb global_colors_info=\u00a0\u00bb{}\u00a0\u00bb][et_pb_heading title=\u00a0\u00bbContrat d&rsquo;entretien\u00a0\u00bb _builder_version=\u00a0\u00bb4.27.5&Prime; _module_preset=\u00a0\u00bbdefault\u00a0\u00bb title_level=\u00a0\u00bbh3&Prime; title_text_color=\u00a0\u00bb#000000&Prime; title_font_size=\u00a0\u00bb40px\u00a0\u00bb locked=\u00a0\u00bboff\u00a0\u00bb global_colors_info=\u00a0\u00bb{}\u00a0\u00bb][\/et_pb_heading][et_pb_text _builder_version=\u00a0\u00bb4.27.6&Prime; _module_preset=\u00a0\u00bbdefault\u00a0\u00bb text_font=\u00a0\u00bb&#8211;et_global_body_font||||||||\u00a0\u00bb text_text_color=\u00a0\u00bb#000000&Prime; text_font_size=\u00a0\u00bb18px\u00a0\u00bb global_colors_info=\u00a0\u00bb{}\u00a0\u00bb]<\/p>\n<p><strong>Dans un contrat d&rsquo;entretien , c&rsquo;est vous qui choisissez:<\/strong><\/p>\n<ul>\n<li>Les taches que vous nous confiez<\/li>\n<li>Nos p\u00e9riodes d&rsquo;intervention<\/li>\n<\/ul>\n<p>Par exemple <strong>vous d\u00e9sirez que<\/strong>:<\/p>\n<ul>\n<li>Nous taillions les haies 2 fois par an.<\/li>\n<li>Nous tondions le gazon 8 fois par an, mais pas du mois de juin au mois d\u2019ao\u00fbt.<\/li>\n<li>Nous d\u00e9sherbions les massifs 4 fois par an au printemps et \u00e0 l&rsquo;automne.<\/li>\n<\/ul>\n<p>Le contrat est g\u00e9n\u00e9ralement conclu pour une ann\u00e9e calendaire, mais l\u00e0 aussi nous pouvons \u00e9galement faire un contrat saisonnier de mars \u00e0 novembre par exemple.<\/p>\n<p>Vous \u00eates factur\u00e9 par mensualit\u00e9s d\u00e9finies \u00e0 l&rsquo;avance.<\/p>\n<p>Vous pouvez stopper ce contrat quand bon vous semble.<\/p>\n<p><strong>Les avantages<\/strong><\/p>\n<ul>\n<li><strong>Tranquillit\u00e9 d\u2019esprit<\/strong> : Les interventions n\u00e9cessaires pour maintenir votre jardin en parfait \u00e9tat sont planifi\u00e9es et r\u00e9alis\u00e9es au bon moment.<\/li>\n<li><strong>Adapt\u00e9 \u00e0 vos besoins<\/strong> : chaque contrat est con\u00e7u sur mesure selon la taille de votre jardin, vos attentes et votre budget.<\/li>\n<li><i class=\"fi fi-ss-massage\"><\/i> <strong>Optimisation fiscale<\/strong> : les prestations d\u2019entretien sont \u00e9ligibles au cr\u00e9dit d\u2019imp\u00f4t de 50 %, vous permettant de r\u00e9duire vos d\u00e9penses tout en b\u00e9n\u00e9ficiant d\u2019un service professionnel<\/li>\n<li>Vous avez la <strong>garantie d&rsquo;un entretien professionnel<\/strong>, les arbustes sont taill\u00e9s au bon moment, les nettoyages de jardins sont r\u00e9guliers.<\/li>\n<li>Une <strong>surveillance sanitaire<\/strong> de vos arbres est r\u00e9alis\u00e9e en continu.<\/li>\n<li><strong>Les d\u00e9chets de jardin sont \u00e9vacu\u00e9s<\/strong><\/li>\n<li>Vous <strong>ma\u00eetrisez parfaitement les co\u00fbts<\/strong> de l&rsquo;entretien de votre jardin<\/li>\n<\/ul>\n<p>&nbsp;<\/p>\n<p>[\/et_pb_text][et_pb_heading title=\u00a0\u00bbImportant \u00e0 savoir\u00a0\u00bb _builder_version=\u00a0\u00bb4.27.6&Prime; _module_preset=\u00a0\u00bbdefault\u00a0\u00bb title_level=\u00a0\u00bbh3&Prime; title_text_color=\u00a0\u00bb#000000&Prime; title_font_size=\u00a0\u00bb40px\u00a0\u00bb locked=\u00a0\u00bboff\u00a0\u00bb global_colors_info=\u00a0\u00bb{}\u00a0\u00bb][\/et_pb_heading][et_pb_text _builder_version=\u00a0\u00bb4.27.6&Prime; _module_preset=\u00a0\u00bbdefault\u00a0\u00bb text_text_color=\u00a0\u00bb#000000&Prime; text_font_size=\u00a0\u00bb18px\u00a0\u00bb text_line_height=\u00a0\u00bb1.3em\u00a0\u00bb global_colors_info=\u00a0\u00bb{}\u00a0\u00bb]<\/p>\n<p><strong>Combien de fois par an faut-il tondre un gazon?<\/strong><\/p>\n<p>Cela d\u00e9pend des pr\u00e9cipitations et des temp\u00e9ratures. La <strong>s\u00e9cheresse et la chaleur ralentissent la pousse<\/strong> et la pluie accompagn\u00e9e d&rsquo;une temp\u00e9rature moyenne acc\u00e9l\u00e8re la pousse. Normalement, sur la c\u00f4te d&rsquo;opale, 18 tontes par an correspondent \u00e0 une pelouse \u00ab\u00a0bichonn\u00e9e\u00a0\u00bb, mais on peut se contenter de <strong>13 ou 14 tontes \u00e0 l&rsquo;ann\u00e9e<\/strong>, voire moins si l&rsquo;\u00e9t\u00e9 est tr\u00e8s sec.<\/p>\n<p><strong>Quand faut-il tailler les haies?<\/strong><\/p>\n<p>En r\u00e8gle g\u00e9n\u00e9rale les haies se taillent, 2 fois par an : en <strong>mai<\/strong> <strong>juin<\/strong> et ensuite de <strong>fin ao\u00fbt \u00e0 mi octobre<\/strong>. La deuxi\u00e8me taille de fin d&rsquo;\u00e9t\u00e9\/automne est essentielle, car c&rsquo;est elle qui va <strong>limiter la pousse<\/strong> de l&rsquo;ann\u00e9e suivante.\u00a0<\/p>\n<p><strong>Faut-il d\u00e9sherber souvent les massifs?<\/strong><\/p>\n<p>Une <strong>grosse op\u00e9ration de d\u00e9sherbage annuelle<\/strong> est indispensable, ensuite des <strong>binages r\u00e9guliers<\/strong> permettent de limiter fortement les mauvaises herbes. La bonne id\u00e9e est de planter des <strong>plantes couvre-sols<\/strong> type g\u00e9raniums vivaces, pervenches ou thym. Ces plantes vont rapidement coloniser les massifs et emp\u00eacher les autres plantes de s&rsquo;y installer.\u00a0<\/p>\n<p>[\/et_pb_text][et_pb_heading title=\u00a0\u00bbCombien cela co\u00fbte-t-il ?\u00a0\u00bb _builder_version=\u00a0\u00bb4.27.5&Prime; _module_preset=\u00a0\u00bbdefault\u00a0\u00bb title_level=\u00a0\u00bbh3&Prime; title_text_color=\u00a0\u00bb#000000&Prime; title_font_size=\u00a0\u00bb34px\u00a0\u00bb custom_margin=\u00a0\u00bb||4px|||\u00a0\u00bb locked=\u00a0\u00bboff\u00a0\u00bb global_colors_info=\u00a0\u00bb{}\u00a0\u00bb][\/et_pb_heading][et_pb_text _builder_version=\u00a0\u00bb4.27.6&Prime; _module_preset=\u00a0\u00bbdefault\u00a0\u00bb text_text_color=\u00a0\u00bb#000000&Prime; text_font_size=\u00a0\u00bb18px\u00a0\u00bb custom_padding=\u00a0\u00bb||6px|||\u00a0\u00bb global_colors_info=\u00a0\u00bb{}\u00a0\u00bb]<\/p>\n<p>Nous avons imagin\u00e9 des formules \u00ab\u00a0TOUT COMPRIS\u00a0\u00bb pour des interventions ponctuelles. Ces formules vous permettent de tester facilement notre professionnalisme, notre enthousiasme et surtout, notre efficacit\u00e9.<\/p>\n<p>Ces formules \u00ab\u00a0TOUT COMPRIS\u00a0\u00bb sont \u00e9ligibles aux avantages fiscaux du service \u00e0 la personne.<\/p>\n<p>Vous b\u00e9n\u00e9ficiez donc d&rsquo;une formule tout compris, sans surprise, et d&rsquo;un remboursement de 50% du montant de la facture.<\/p>\n<p>[\/et_pb_text][et_pb_button button_url=\u00a0\u00bbhttps:\/\/jardinsprives-cotedopale.fr\/index.php\/formules\u00a0\u00bb url_new_window=\u00a0\u00bbon\u00a0\u00bb button_text=\u00a0\u00bbVoir nos formules tout compris\u00a0\u00bb _builder_version=\u00a0\u00bb4.27.5&Prime; _module_preset=\u00a0\u00bbf05bba5e-c4ed-4d16-99f6-de883c2b94d5&Prime; custom_button=\u00a0\u00bbon\u00a0\u00bb button_text_size=\u00a0\u00bb12px\u00a0\u00bb button_text_color=\u00a0\u00bb#000000&Prime; button_bg_color=\u00a0\u00bbRGBA(0,0,0,0)\u00a0\u00bb button_bg_image=\u00a0\u00bbhttps:\/\/jardinsprives-cotedopale.fr\/wp-content\/uploads\/2026\/02\/home-staging_93.png\u00a0\u00bb button_bg_size=\u00a0\u00bbinitial\u00a0\u00bb button_bg_position=\u00a0\u00bbcenter_right\u00a0\u00bb button_border_width=\u00a0\u00bb0px\u00a0\u00bb button_border_color=\u00a0\u00bbRGBA(0,0,0,0)\u00a0\u00bb button_border_radius=\u00a0\u00bb0px\u00a0\u00bb button_letter_spacing=\u00a0\u00bb3px\u00a0\u00bb button_font=\u00a0\u00bb|700||on|||||\u00a0\u00bb button_icon=\u00a0\u00bb&#x24;||divi||400&Prime; custom_margin=\u00a0\u00bb30px||||false|false\u00a0\u00bb custom_padding=\u00a0\u00bb|60px||0px|false|false\u00a0\u00bb locked=\u00a0\u00bboff\u00a0\u00bb global_colors_info=\u00a0\u00bb{}\u00a0\u00bb][\/et_pb_button][et_pb_button button_url=\u00a0\u00bbhttps:\/\/jardinsprives-cotedopale.fr\/index.php\/service-a-la-personne\/\u00a0\u00bb url_new_window=\u00a0\u00bbon\u00a0\u00bb button_text=\u00a0\u00bbEn savoir plus sur le service \u00e0 la personne et les avantages fiscaux\u00a0\u00bb _builder_version=\u00a0\u00bb4.27.5&Prime; _module_preset=\u00a0\u00bbf05bba5e-c4ed-4d16-99f6-de883c2b94d5&Prime; custom_button=\u00a0\u00bbon\u00a0\u00bb button_text_size=\u00a0\u00bb12px\u00a0\u00bb button_text_color=\u00a0\u00bb#000000&Prime; button_bg_color=\u00a0\u00bbRGBA(0,0,0,0)\u00a0\u00bb button_bg_image=\u00a0\u00bbhttps:\/\/jardinsprives-cotedopale.fr\/wp-content\/uploads\/2026\/02\/home-staging_93.png\u00a0\u00bb button_bg_size=\u00a0\u00bbinitial\u00a0\u00bb button_bg_position=\u00a0\u00bbcenter_right\u00a0\u00bb button_border_width=\u00a0\u00bb0px\u00a0\u00bb button_border_color=\u00a0\u00bbRGBA(0,0,0,0)\u00a0\u00bb button_border_radius=\u00a0\u00bb0px\u00a0\u00bb button_letter_spacing=\u00a0\u00bb3px\u00a0\u00bb button_font=\u00a0\u00bb|700||on|||||\u00a0\u00bb button_icon=\u00a0\u00bb&#x24;||divi||400&Prime; custom_margin=\u00a0\u00bb30px||||false|false\u00a0\u00bb custom_padding=\u00a0\u00bb|60px||0px|false|false\u00a0\u00bb locked=\u00a0\u00bboff\u00a0\u00bb global_colors_info=\u00a0\u00bb{}\u00a0\u00bb][\/et_pb_button][\/et_pb_column][\/et_pb_row][\/et_pb_section]<\/p>\n","protected":false},"excerpt":{"rendered":"<p>M\u00eame si vous \u00eates passionn\u00e9 par le jardin, il y a des travaux difficiles, \u00e9puisants ou chronophages que vous aimeriez faire faire. Nous pouvons intervenir ponctuellement, pour une tache sp\u00e9cifique, comme une taille de haie ou une tonte de gazon, mais nous pouvons vous proposer \u00e9galement un contrat d&rsquo;entretien \u00e0 l&rsquo;ann\u00e9e.\u00a0 Un devis peut \u00eatre [&hellip;]<\/p>\n","protected":false},"author":1,"featured_media":0,"parent":0,"menu_order":0,"comment_status":"closed","ping_status":"closed","template":"","meta":{"_et_pb_use_builder":"on","_et_pb_old_content":"","_et_gb_content_width":"","footnotes":""},"class_list":["post-567","page","type-page","status-publish","hentry"],"yoast_head":"<!-- This site is optimized with the Yoast SEO plugin v27.4 - https:\/\/yoast.com\/product\/yoast-seo-wordpress\/ -->\n<title>Entretien - Jardins priv\u00e9s - C\u00f4te d&#039;Opale<\/title>\n<meta name=\"robots\" content=\"index, follow, max-snippet:-1, max-image-preview:large, max-video-preview:-1\" \/>\n<link rel=\"canonical\" href=\"https:\/\/jardinsprives-cotedopale.fr\/entretien-de-jardin\/\" \/>\n<meta property=\"og:locale\" content=\"fr_FR\" \/>\n<meta property=\"og:type\" content=\"article\" \/>\n<meta property=\"og:title\" content=\"Entretien - Jardins priv\u00e9s - C\u00f4te d&#039;Opale\" \/>\n<meta property=\"og:description\" content=\"M\u00eame si vous \u00eates passionn\u00e9 par le jardin, il y a des travaux difficiles, \u00e9puisants ou chronophages que vous aimeriez faire faire. Nous pouvons intervenir ponctuellement, pour une tache sp\u00e9cifique, comme une taille de haie ou une tonte de gazon, mais nous pouvons vous proposer \u00e9galement un contrat d&#039;entretien \u00e0 l&#039;ann\u00e9e.\u00a0 Un devis peut \u00eatre [&hellip;]\" \/>\n<meta property=\"og:url\" content=\"https:\/\/jardinsprives-cotedopale.fr\/entretien-de-jardin\/\" \/>\n<meta property=\"og:site_name\" content=\"Jardins priv\u00e9s - C\u00f4te d&#039;Opale\" \/>\n<meta property=\"article:modified_time\" content=\"2026-04-01T15:18:52+00:00\" \/>\n<meta name=\"twitter:card\" content=\"summary_large_image\" \/>\n<meta name=\"twitter:label1\" content=\"Dur\u00e9e de lecture estim\u00e9e\" \/>\n\t<meta name=\"twitter:data1\" content=\"8 minutes\" \/>\n<script type=\"application\/ld+json\" class=\"yoast-schema-graph\">{\"@context\":\"https:\\\/\\\/schema.org\",\"@graph\":[{\"@type\":\"WebPage\",\"@id\":\"https:\\\/\\\/jardinsprives-cotedopale.fr\\\/entretien-de-jardin\\\/\",\"url\":\"https:\\\/\\\/jardinsprives-cotedopale.fr\\\/entretien-de-jardin\\\/\",\"name\":\"Entretien - Jardins priv\u00e9s - C\u00f4te d&#039;Opale\",\"isPartOf\":{\"@id\":\"https:\\\/\\\/jardinsprives-cotedopale.fr\\\/#website\"},\"datePublished\":\"2026-03-19T11:04:18+00:00\",\"dateModified\":\"2026-04-01T15:18:52+00:00\",\"breadcrumb\":{\"@id\":\"https:\\\/\\\/jardinsprives-cotedopale.fr\\\/entretien-de-jardin\\\/#breadcrumb\"},\"inLanguage\":\"fr-FR\",\"potentialAction\":[{\"@type\":\"ReadAction\",\"target\":[\"https:\\\/\\\/jardinsprives-cotedopale.fr\\\/entretien-de-jardin\\\/\"]}]},{\"@type\":\"BreadcrumbList\",\"@id\":\"https:\\\/\\\/jardinsprives-cotedopale.fr\\\/entretien-de-jardin\\\/#breadcrumb\",\"itemListElement\":[{\"@type\":\"ListItem\",\"position\":1,\"name\":\"Accueil\",\"item\":\"https:\\\/\\\/jardinsprives-cotedopale.fr\\\/\"},{\"@type\":\"ListItem\",\"position\":2,\"name\":\"Entretien\"}]},{\"@type\":\"WebSite\",\"@id\":\"https:\\\/\\\/jardinsprives-cotedopale.fr\\\/#website\",\"url\":\"https:\\\/\\\/jardinsprives-cotedopale.fr\\\/\",\"name\":\"Jardins priv\u00e9s - C\u00f4te d&#039;Opale\",\"description\":\"Cr\u00e9ation Entretien Elagage Cl\u00f4ture Service \u00e0 la personne\",\"potentialAction\":[{\"@type\":\"SearchAction\",\"target\":{\"@type\":\"EntryPoint\",\"urlTemplate\":\"https:\\\/\\\/jardinsprives-cotedopale.fr\\\/?s={search_term_string}\"},\"query-input\":{\"@type\":\"PropertyValueSpecification\",\"valueRequired\":true,\"valueName\":\"search_term_string\"}}],\"inLanguage\":\"fr-FR\"}]}<\/script>\n<!-- \/ Yoast SEO plugin. -->","yoast_head_json":{"title":"Entretien - Jardins priv\u00e9s - C\u00f4te d&#039;Opale","robots":{"index":"index","follow":"follow","max-snippet":"max-snippet:-1","max-image-preview":"max-image-preview:large","max-video-preview":"max-video-preview:-1"},"canonical":"https:\/\/jardinsprives-cotedopale.fr\/entretien-de-jardin\/","og_locale":"fr_FR","og_type":"article","og_title":"Entretien - Jardins priv\u00e9s - C\u00f4te d&#039;Opale","og_description":"M\u00eame si vous \u00eates passionn\u00e9 par le jardin, il y a des travaux difficiles, \u00e9puisants ou chronophages que vous aimeriez faire faire. Nous pouvons intervenir ponctuellement, pour une tache sp\u00e9cifique, comme une taille de haie ou une tonte de gazon, mais nous pouvons vous proposer \u00e9galement un contrat d'entretien \u00e0 l'ann\u00e9e.\u00a0 Un devis peut \u00eatre [&hellip;]","og_url":"https:\/\/jardinsprives-cotedopale.fr\/entretien-de-jardin\/","og_site_name":"Jardins priv\u00e9s - C\u00f4te d&#039;Opale","article_modified_time":"2026-04-01T15:18:52+00:00","twitter_card":"summary_large_image","twitter_misc":{"Dur\u00e9e de lecture estim\u00e9e":"8 minutes"},"schema":{"@context":"https:\/\/schema.org","@graph":[{"@type":"WebPage","@id":"https:\/\/jardinsprives-cotedopale.fr\/entretien-de-jardin\/","url":"https:\/\/jardinsprives-cotedopale.fr\/entretien-de-jardin\/","name":"Entretien - Jardins priv\u00e9s - C\u00f4te d&#039;Opale","isPartOf":{"@id":"https:\/\/jardinsprives-cotedopale.fr\/#website"},"datePublished":"2026-03-19T11:04:18+00:00","dateModified":"2026-04-01T15:18:52+00:00","breadcrumb":{"@id":"https:\/\/jardinsprives-cotedopale.fr\/entretien-de-jardin\/#breadcrumb"},"inLanguage":"fr-FR","potentialAction":[{"@type":"ReadAction","target":["https:\/\/jardinsprives-cotedopale.fr\/entretien-de-jardin\/"]}]},{"@type":"BreadcrumbList","@id":"https:\/\/jardinsprives-cotedopale.fr\/entretien-de-jardin\/#breadcrumb","itemListElement":[{"@type":"ListItem","position":1,"name":"Accueil","item":"https:\/\/jardinsprives-cotedopale.fr\/"},{"@type":"ListItem","position":2,"name":"Entretien"}]},{"@type":"WebSite","@id":"https:\/\/jardinsprives-cotedopale.fr\/#website","url":"https:\/\/jardinsprives-cotedopale.fr\/","name":"Jardins priv\u00e9s - C\u00f4te d&#039;Opale","description":"Cr\u00e9ation Entretien Elagage Cl\u00f4ture Service \u00e0 la personne","potentialAction":[{"@type":"SearchAction","target":{"@type":"EntryPoint","urlTemplate":"https:\/\/jardinsprives-cotedopale.fr\/?s={search_term_string}"},"query-input":{"@type":"PropertyValueSpecification","valueRequired":true,"valueName":"search_term_string"}}],"inLanguage":"fr-FR"}]}},"_links":{"self":[{"href":"https:\/\/jardinsprives-cotedopale.fr\/wp-json\/wp\/v2\/pages\/567","targetHints":{"allow":["GET"]}}],"collection":[{"href":"https:\/\/jardinsprives-cotedopale.fr\/wp-json\/wp\/v2\/pages"}],"about":[{"href":"https:\/\/jardinsprives-cotedopale.fr\/wp-json\/wp\/v2\/types\/page"}],"author":[{"embeddable":true,"href":"https:\/\/jardinsprives-cotedopale.fr\/wp-json\/wp\/v2\/users\/1"}],"replies":[{"embeddable":true,"href":"https:\/\/jardinsprives-cotedopale.fr\/wp-json\/wp\/v2\/comments?post=567"}],"version-history":[{"count":66,"href":"https:\/\/jardinsprives-cotedopale.fr\/wp-json\/wp\/v2\/pages\/567\/revisions"}],"predecessor-version":[{"id":1445,"href":"https:\/\/jardinsprives-cotedopale.fr\/wp-json\/wp\/v2\/pages\/567\/revisions\/1445"}],"wp:attachment":[{"href":"https:\/\/jardinsprives-cotedopale.fr\/wp-json\/wp\/v2\/media?parent=567"}],"curies":[{"name":"wp","href":"https:\/\/api.w.org\/{rel}","templated":true}]}}